{"id":100,"date":"2016-07-01T00:16:11","date_gmt":"2016-07-01T00:16:11","guid":{"rendered":"http:\/\/ukglubczyce.pl\/?page_id=100"},"modified":"2016-12-28T18:41:12","modified_gmt":"2016-12-28T18:41:12","slug":"regulamin","status":"publish","type":"page","link":"https:\/\/ukglubczyce.pl\/?page_id=100","title":{"rendered":"Regulamin"},"content":{"rendered":"<h3 align=\"center\"><strong>REGULAMIN PUNKTU SELEKTYWNEGO ZBIERANIA ODPAD\u00d3W KOMUNALNYCH W G\u0141UBCZYCACH<\/strong><\/h3>\n<hr \/>\n<p style=\"text-align: center;\"><strong>Wersja PDF do druku<!--more-->:<\/strong><br \/>\n<strong> <a href=\"http:\/\/ukglubczyce.pl\/wp-content\/uploads\/2016\/07\/REGULAMIN-PUNKTU-SELEKTYWNEGO-ZBIERANIA-ODPAD\u00d3W-KOMUNALNYCH-W-G\u0141UBCZYCACH.pdf\">REGULAMIN PUNKTU SELEKTYWNEGO ZBIERANIA ODPAD\u00d3W KOMUNALNYCH W G\u0141UBCZYCACH<\/a><\/strong><\/p>\n<hr \/>\n<ol>\n<li style=\"text-align: left;\">Regulamin okre\u015bla zasady przyjmowania selektywnie zebranych odpad\u00f3w komunalnych przez Punkt Selektywnego Zbierania Odpad\u00f3w Komunalnych w G\u0142ubczycach, zwany dalej ,,PSZOK\u201d, kt\u00f3ry zlokalizowany jest przy ul. Pocztowa 8 w G\u0142ubczycach.<\/li>\n<li>Operatorem PSZOK w G\u0142ubczycach s\u0105 Us\u0142ugi Komunalne Sp. z o.o. z siedzib\u0105 przy ul. Pocztowej 8 w G\u0142ubczycach.<\/li>\n<li>PSZOK w G\u0142ubczycach czynny jest przez ca\u0142y rok, z wyj\u0105tkiem dni ustawowo wolnych od pracy, w nast\u0119puj\u0105cych godzinach:\n<ul>\n<li>od poniedzia\u0142ku do czwartku od 7:00 do 15:00,<\/li>\n<li>pi\u0105tek od 7:00 do 18:00,<\/li>\n<li>w soboty od 7:00 do 13:00.<\/li>\n<\/ul>\n<\/li>\n<li>Odpady komunalne dostarczane do PSZOK w G\u0142ubczycach przyjmowane s\u0105 nieodp\u0142atnie w ramach pobranej op\u0142aty za gospodarowanie odpadami komunalnymi wy\u0142\u0105cznie z nieruchomo\u015bci zamieszka\u0142ych po\u0142o\u017conych na terenie Gminy G\u0142ubczyce.<\/li>\n<li>Do PSZOK wysegregowane odpady komunalne mo\u017ce dostarczy\u0107 mieszkaniec Gminy G\u0142ubczyce, kt\u00f3ry z\u0142o\u017cy\u0142 wymagan\u0105 deklaracj\u0119 w Urz\u0119dzie Miejskim w G\u0142ubczycach i uiszcza nale\u017cn\u0105 op\u0142at\u0119 za wyw\u00f3z odpad\u00f3w komunalnych.<\/li>\n<li>Do PSZOK przyjmowane b\u0119d\u0105 wy\u0142\u0105cznie posegregowane odpady wskazane w niniejszym regulaminie.<\/li>\n<li>Odpady komunalne przekazywane do PSZOK-a musz\u0105 pochodzi\u0107 z gospodarstw domowych.<\/li>\n<li>Dostarczane odpady komunalne nie mog\u0105 budzi\u0107 w\u0105tpliwo\u015bci, co do ich pochodzenia np. nie mog\u0105 by\u0107 wytworzone w ramach dzia\u0142alno\u015bci gospodarczej.<\/li>\n<li>Pracownik PSZOK-a jest uprawniony do weryfikacji osoby dostarczaj\u0105cej odpady z ewidencj\u0105 przekazan\u0105 przez Urz\u0105d Gminy G\u0142ubczyce uprawniaj\u0105c\u0105 do korzystania z PSZOK-a. Ka\u017cda dostawa odpad\u00f3w komunalnych przez mieszka\u0144ca gminy do PSZOK zostanie zarejestrowana w formularzu w formie ,,o\u015bwiadczenia osoby indywidualnej\u201d Za\u0142\u0105cznik nr 1:<\/li>\n<\/ol>\n<p>&nbsp;<\/p>\n<p style=\"text-align: right;\" align=\"justify\">Za\u0142\u0105cznik nr 1 do regulaminu PSZOK<\/p>\n<h4 align=\"center\"><strong>O\u015bwiadczenie osoby indywidualnej<\/strong><\/h4>\n<p align=\"justify\">Ja ni\u017cej podpisany \u2026\u2026\u2026\u2026\u2026\u2026\u2026\u2026\u2026\u2026\u2026\u2026\u2026.. zamieszka\u0142y \u2026\u2026\u2026\u2026\u2026\u2026\u2026\u2026\u2026\u2026.. numer PESEL \u2026\u2026\u2026\u2026\u2026\u2026\u2026\u2026\u2026\u2026 o\u015bwiadczam, \u017ce dostarczone odpady komunalne za kt\u00f3re uiszczam op\u0142at\u0119 (11 z\u0142\/osoba) za gospodarowanie odpadami komunalnymi:<\/p>\n<dl>\n<dd>\n<table width=\"586\" cellspacing=\"0\" cellpadding=\"1\">\n<colgroup>\n<col width=\"25\" \/>\n<col width=\"461\" \/>\n<col width=\"91\" \/> <\/colgroup>\n<tbody>\n<tr valign=\"top\">\n<td bgcolor=\"#ffffff\" width=\"25\" height=\"22\">\n<p align=\"justify\">Lp.<\/p>\n<\/td>\n<td bgcolor=\"#ffffff\" width=\"461\">\n<p align=\"center\">Rodzaj odpadu<\/p>\n<\/td>\n<td bgcolor=\"#ffffff\" width=\"91\">Ilo\u015b\u0107<\/td>\n<\/tr>\n<tr valign=\"top\">\n<td bgcolor=\"#ffffff\" width=\"25\" height=\"26\">\n<p align=\"justify\">1.<\/p>\n<\/td>\n<td bgcolor=\"#ffffff\" width=\"461\"><\/td>\n<td bgcolor=\"#ffffff\" width=\"91\"><\/td>\n<\/tr>\n<tr valign=\"top\">\n<td bgcolor=\"#ffffff\" width=\"25\" height=\"26\">\n<p align=\"justify\">2.<\/p>\n<\/td>\n<td bgcolor=\"#ffffff\" width=\"461\"><\/td>\n<td bgcolor=\"#ffffff\" width=\"91\"><\/td>\n<\/tr>\n<tr valign=\"top\">\n<td bgcolor=\"#ffffff\" width=\"25\" height=\"26\">\n<p align=\"justify\">3.<\/p>\n<\/td>\n<td bgcolor=\"#ffffff\" width=\"461\"><\/td>\n<td bgcolor=\"#ffffff\" width=\"91\"><\/td>\n<\/tr>\n<tr valign=\"top\">\n<td bgcolor=\"#ffffff\" width=\"25\" height=\"25\">\n<p align=\"justify\">4.<\/p>\n<\/td>\n<td bgcolor=\"#ffffff\" width=\"461\"><\/td>\n<td bgcolor=\"#ffffff\" width=\"91\"><\/td>\n<\/tr>\n<\/tbody>\n<\/table>\n<\/dd>\n<\/dl>\n<p align=\"justify\">zosta\u0142y wytworzone na terenie Gminy G\u0142ubczyce. Jednocze\u015bnie o\u015bwiadczam, \u017ce znany jest mi regulamin korzystania z Punktu Selektywnego Zbierania Odpad\u00f3w Komunalnych oraz odpowiedzialno\u015b\u0107 za sk\u0142adanie niezgodnych z prawd\u0105 o\u015bwiadcze\u0144.<\/p>\n<p align=\"justify\">Wyra\u017cam zgod\u0119 na przetwarzanie moich danych osobowych dla potrzeb niezb\u0119dnych do gospodarowania odpadami komunalnymi (zgodnie z Ustaw\u0105 z dnia 29.08.1997 roku o Ochronie Danych Osobowych; tekst jednolity: Dz. U. z 2002r. Nr 101, poz. 926 ze zm.)<\/p>\n<p style=\"text-align: right;\" align=\"justify\">\u2026\u2026\u2026\u2026\u2026\u2026\u2026\u2026\u2026\u2026\u2026\u2026\u2026\u2026\u2026\u2026\u2026\u2026\u2026\u2026\u2026\u2026\u2026\u2026\u2026..<\/p>\n<p style=\"text-align: right;\" align=\"justify\">Czytelny podpis osoby sk\u0142adaj\u0105cej o\u015bwiadczenie<\/p>\n<p align=\"justify\">W przypadku dostarczania odpad\u00f3w przez po\u015brednika lub inn\u0105 osob\u0119 dostarczaj\u0105c\u0105 odpady w imieniu mieszka\u0144ca, mieszkaniec zobowi\u0105zany jest do napisania o\u015bwiadczenia o pochodzeniu odpad\u00f3w, a osoba transportuj\u0105ca odpady r\u00f3wnie\u017c zobowi\u0105zana jest do podpisania tego o\u015bwiadczenia Za\u0142\u0105cznik nr 2:<\/p>\n<p style=\"text-align: right;\" align=\"justify\">Za\u0142\u0105cznik nr 2 do regulaminu PSZOK<\/p>\n<h4 style=\"text-align: center;\" align=\"center\"><strong>O\u015bwiadczenie osoby indywidualnej\/po\u015brednika<\/strong><\/h4>\n<p align=\"justify\">Ja ni\u017cej podpisany \u2026\u2026\u2026\u2026\u2026\u2026\u2026\u2026\u2026\u2026\u2026\u2026\u2026\u2026\u2026\u2026\u2026\u2026\u2026\u2026\u2026\u2026\u2026\u2026\u2026 zamieszka\u0142y\u2026\u2026\u2026\u2026\u2026\u2026\u2026\u2026\u2026\u2026\u2026\u2026\u2026\u2026\u2026\u2026\u2026\u2026\u2026\u2026\u2026\u2026. numer PESEL \u2026\u2026\u2026\u2026\u2026\u2026\u2026\u2026\u2026\u2026\u2026\u2026.. numer telefonu \u2026\u2026\u2026\u2026\u2026\u2026\u2026\u2026\u2026\u2026\u2026 o\u015bwiadczam, \u017ce dostarczone w moim imieniu nast\u0119puj\u0105ce odpady komunalne za kt\u00f3re uiszczam op\u0142at\u0119 (11 z\u0142\/osoba) za gospodarowanie odpadami komunalnymi:<\/p>\n<dl>\n<dd>\n<table width=\"586\" cellspacing=\"0\" cellpadding=\"1\">\n<colgroup>\n<col width=\"25\" \/>\n<col width=\"461\" \/>\n<col width=\"91\" \/> <\/colgroup>\n<tbody>\n<tr valign=\"top\">\n<td bgcolor=\"#ffffff\" width=\"25\" height=\"22\">\n<p align=\"justify\">Lp.<\/p>\n<\/td>\n<td bgcolor=\"#ffffff\" width=\"461\">\n<p align=\"center\">Rodzaj odpadu<\/p>\n<\/td>\n<td bgcolor=\"#ffffff\" width=\"91\">Ilo\u015b\u0107<\/td>\n<\/tr>\n<tr valign=\"top\">\n<td bgcolor=\"#ffffff\" width=\"25\" height=\"26\">\n<p align=\"justify\">1.<\/p>\n<\/td>\n<td bgcolor=\"#ffffff\" width=\"461\"><\/td>\n<td bgcolor=\"#ffffff\" width=\"91\"><\/td>\n<\/tr>\n<tr valign=\"top\">\n<td bgcolor=\"#ffffff\" width=\"25\" height=\"26\">\n<p align=\"justify\">2.<\/p>\n<\/td>\n<td bgcolor=\"#ffffff\" width=\"461\"><\/td>\n<td bgcolor=\"#ffffff\" width=\"91\"><\/td>\n<\/tr>\n<tr valign=\"top\">\n<td bgcolor=\"#ffffff\" width=\"25\" height=\"26\">\n<p align=\"justify\">3.<\/p>\n<\/td>\n<td bgcolor=\"#ffffff\" width=\"461\"><\/td>\n<td bgcolor=\"#ffffff\" width=\"91\"><\/td>\n<\/tr>\n<tr valign=\"top\">\n<td bgcolor=\"#ffffff\" width=\"25\" height=\"25\">\n<p align=\"justify\">4.<\/p>\n<\/td>\n<td bgcolor=\"#ffffff\" width=\"461\"><\/td>\n<td bgcolor=\"#ffffff\" width=\"91\"><\/td>\n<\/tr>\n<\/tbody>\n<\/table>\n<\/dd>\n<\/dl>\n<p align=\"justify\">zosta\u0142y wytworzone na terenie Gminy G\u0142ubczyce pod adresem: \u2026\u2026\u2026\u2026\u2026\u2026\u2026\u2026\u2026\u2026\u2026\u2026\u2026\u2026\u2026\u2026\u2026\u2026\u2026\u2026\u2026\u2026\u2026\u2026\u2026\u2026\u2026\u2026\u2026\u2026\u2026. i przetransportowane do Punktu Selektywnego Zbierania Odpad\u00f3w Komunalnych przez Po\u015brednika:<\/p>\n<p align=\"justify\">\u2026\u2026\u2026\u2026\u2026\u2026\u2026\u2026\u2026\u2026\u2026\u2026\u2026\u2026\u2026\u2026\u2026\u2026\u2026\u2026\u2026\u2026\u2026\u2026\u2026\u2026\u2026\u2026\u2026\u2026\u2026\u2026\u2026\u2026\u2026\u2026samochodem o nr rejestracyjnym \u2026\u2026\u2026\u2026\u2026\u2026\u2026\u2026\u2026\u2026\u2026\u2026\u2026.<\/p>\n<p align=\"justify\">Jednocze\u015bnie o\u015bwiadczam, \u017ce znany jest mi regulamin korzystania z Punktu Selektywnego Zbierania Odpad\u00f3w Komunalnych oraz odpowiedzialno\u015b\u0107 za sk\u0142adanie niezgodnych z prawd\u0105 o\u015bwiadcze\u0144.<\/p>\n<p align=\"justify\">Wyra\u017cam zgod\u0119 na przetwarzanie moich danych osobowych dla potrzeb niezb\u0119dnych do gospodarowania odpadami komunalnymi (zgodnie z Ustaw\u0105 z dnia 29.08.1997 roku o Ochronie Danych Osobowych; tekst jednolity: Dz. U. z 2002r. Nr 101, poz. 926 ze zm.)<\/p>\n<p style=\"text-align: center;\" align=\"justify\">\u2026\u2026\u2026\u2026\u2026\u2026\u2026\u2026\u2026\u2026\u2026\u2026\u2026\u2026\u2026\u2026\u2026\u2026\u2026\u2026\u2026\u2026\u2026\u2026\u2026.. \u00a0 \u00a0 \u00a0 \u00a0 \u00a0 \u00a0 \u00a0 \u00a0\u2026\u2026\u2026\u2026\u2026\u2026\u2026\u2026\u2026\u2026\u2026\u2026\u2026\u2026\u2026\u2026\u2026\u2026\u2026\u2026\u2026\u2026\u2026\u2026\u2026\u2026\u2026<\/p>\n<p style=\"text-align: center;\" align=\"justify\">Czytelny podpis sk\u0142adaj\u0105cego o\u015bwiadczenie \u00a0 \u00a0 \u00a0 \u00a0 \u00a0 \u00a0 \u00a0 \u00a0 \u00a0Data i czytelny podpis osoby transportuj\u0105cej odpady<\/p>\n<ol start=\"10\">\n<li>\n<p align=\"justify\">Dostawca odpad\u00f3w dowozi do PSZOK wysegregowane odpady na w\u0142asny koszt.<\/p>\n<\/li>\n<li>\n<p align=\"justify\">Za wy\u0142adunek i segregacj\u0119 odpad\u00f3w komunalnych (rozsortowanie) odpowiada Dostawca odpad\u00f3w komunalnych. Dostawca odpad\u00f3w komunalnych jest zobowi\u0105zany przy roz\u0142adunku odpad\u00f3w do utrzymania porz\u0105dku na terenie PSZOK-a.<\/p>\n<\/li>\n<li>\n<p align=\"justify\">Przyj\u0119cia odpad\u00f3w komunalnych dokonuje upowa\u017cniony pracownik PSZOK.<\/p>\n<\/li>\n<li>\n<p align=\"justify\">Do PSZOK przyjmowane s\u0105 bezp\u0142atnie wy\u0142\u0105cznie nast\u0119puj\u0105ce rodzaje odpad\u00f3w komunalnych:<\/p>\n<\/li>\n<\/ol>\n<p style=\"padding-left: 60px;\" align=\"justify\">a) Opakowania z papieru i tektury,<\/p>\n<p style=\"padding-left: 60px;\" align=\"justify\">b) Opakowania z tworzyw sztucznych,<\/p>\n<p style=\"padding-left: 60px;\" align=\"justify\">c) Tworzywa sztuczne jednorodne np. meble ogrodowe, wiadra, pojemniki,<\/p>\n<p style=\"padding-left: 60px;\" align=\"justify\">d) Opakowania z metali,<\/p>\n<p style=\"padding-left: 60px;\" align=\"justify\">e) Opakowania wielomateria\u0142owe,<\/p>\n<p style=\"padding-left: 60px;\" align=\"justify\">f) Opakowania ze szk\u0142a,<\/p>\n<p style=\"padding-left: 60px;\" align=\"justify\">g) Zu\u017cyte opony \u2013 opony dostarczane do PSZOK mog\u0105 pochodzi\u0107 wy\u0142\u0105cznie z rower\u00f3w, w\u00f3zk\u00f3w, motorower\u00f3w, motocykli oraz pojazd\u00f3w o dopuszczalnej masie ca\u0142kowitej do 3,5 tony, kt\u00f3re nie s\u0105 wykorzystywane do prowadzenia dzia\u0142alno\u015bci gospodarczej.<\/p>\n<p style=\"padding-left: 60px;\" align=\"justify\">h) Odpady gruzu ceglanego,<\/p>\n<p style=\"padding-left: 60px;\" align=\"justify\">i) Odpady betonu i gruzu betonowego,<\/p>\n<p style=\"padding-left: 60px;\" align=\"justify\">j) Zmieszane odpady z budowy, remont\u00f3w i demonta\u017cu:<\/p>\n<p style=\"padding-left: 90px;\">odpady ceramiczne i sanitarne elementy wyposa\u017cenia,<\/p>\n<p style=\"padding-left: 90px;\">odpady typu p\u0142yty gipsowo-kartonowe, wata szklana, ondulina, tapety (w niewielkiej ilo\u015bci),<\/p>\n<p style=\"padding-left: 90px;\">drewno: o\u015bcie\u017cnice, drzwi, ramy, parkiety, boazerie itp.,<\/p>\n<p style=\"padding-left: 90px;\">p\u0142ytki PCV, instalacje PCV, panele \u015bcienne itp.,<\/p>\n<p style=\"padding-left: 60px;\" align=\"justify\">k) Chemikalia \u2013 stare farby, rozpuszczalniki oraz opakowania po nich (\u015brodki ochrony ro\u015blin, kwasy, alkalia i opakowania po nich),<\/p>\n<p style=\"padding-left: 60px;\" align=\"justify\">l) Lampy fluorescencyjne i inne odpady zawieraj\u0105ce rt\u0119\u0107 (\u015bwietl\u00f3wki),<\/p>\n<p style=\"padding-left: 60px;\" align=\"justify\">m) Przeterminowane leki,<\/p>\n<p style=\"padding-left: 60px;\" align=\"justify\">n) Zu\u017cyte akumulatory i baterie,<\/p>\n<p style=\"padding-left: 60px;\" align=\"justify\">o) Metale,<\/p>\n<p style=\"padding-left: 60px;\" align=\"justify\">p) Odpady ulegaj\u0105ce biodegradacji: trawa, li\u015bcie, \u015bcinki ga\u0142\u0119zi i \u017cywop\u0142ot\u00f3w,<\/p>\n<p style=\"padding-left: 60px;\" align=\"justify\">r) Odpady wielkogabarytowe: meble, wersalki, sto\u0142y, biurka, skrzynie, p\u00f3\u0142ki, dywany itp.,<\/p>\n<p style=\"padding-left: 60px;\" align=\"justify\">s) Zu\u017cyte urz\u0105dzenia elektryczne i elektroniczne w tym tonery (sprz\u0119t nie powinien by\u0107 zdekompletowany),<\/p>\n<h4 style=\"text-align: center;\" align=\"justify\">Odpady elektryczne i elektroniczne przyjmowane s\u0105 w magazynie Nr 30.<\/h4>\n<p align=\"justify\">Odpady wymienione w pkt. 14 gromadzone s\u0105 selektywnie w zamykanych pojemnikach, kontenerach i wyznaczonych miejscach, chroni\u0105cych zebrane odpady przed wp\u0142ywem czynnik\u00f3w atmosferycznych i dost\u0119pem zwierz\u0105t.<\/p>\n<p align=\"justify\">W przypadku stwierdzenia, \u017ce osoba dostarczaj\u0105ca odpady do PSZOK-u nie jest obj\u0119ta systemem gospodarowania odpadami, zobowi\u0105zana jest ona do uiszczania op\u0142aty za przyj\u0119cie odpad\u00f3w komunalnych wymienionych w pkt. 14, zgodnie z obowi\u0105zuj\u0105cym na dany dzie\u0144 cennikiem Us\u0142ug Komunalnych Sp. z o.o.<\/p>\n<ol start=\"14\">\n<li>\n<p align=\"justify\">Pracownik PSZOK ma prawo odm\u00f3wi\u0107 przyj\u0119cia odpad\u00f3w komunalnych w przypadku gdy:<\/p>\n<\/li>\n<\/ol>\n<ul type=\"a\">\n<li>\n<p align=\"justify\">dostawca odpad\u00f3w nie jest uj\u0119ty w udost\u0119pnionej Gminnej ewidencji posiadanej przez pracownika PSZOK-a,<\/p>\n<\/li>\n<li>\n<p align=\"justify\">ilo\u015bci dostarczonych odpad\u00f3w przekraczaj\u0105 mo\u017cliwo\u015bci wytworzenia ich w gospodarstwie domowym (wskazuj\u0105ce na pochodzenie z dzia\u0142alno\u015bci gospodarczej),<\/p>\n<\/li>\n<li>\n<p align=\"justify\">charakter odpad\u00f3w wskazuje na inne \u017ar\u00f3d\u0142o pochodzenia ni\u017c gospodarstwo domowe,<\/p>\n<\/li>\n<li>\n<p align=\"justify\">stwierdzono zanieczyszczenie\/zmieszanie odpad\u00f3w komunalnych,<\/p>\n<\/li>\n<li>\n<p align=\"justify\">dostarczone odpady w niedozwolonym opakowaniu (odpady p\u0142ynne lub wymagaj\u0105ce opakowania przyjmowane s\u0105 w szczelnych pojemnikach wraz z informacj\u0105 o rodzaju odpadu),<\/p>\n<\/li>\n<\/ul>\n<ol start=\"15\">\n<li>\n<p align=\"justify\">Do PSZOK nie s\u0105 przyjmowane takie odpady jak:<\/p>\n<\/li>\n<\/ol>\n<p style=\"padding-left: 30px;\" align=\"justify\">a) Materia\u0142y zawieraj\u0105ce azbest,<\/p>\n<p style=\"padding-left: 30px;\" align=\"justify\">b) Papy,<\/p>\n<p style=\"padding-left: 30px;\" align=\"justify\">c) Szyby samochodowe,<\/p>\n<p style=\"padding-left: 30px;\" align=\"justify\">d) Cz\u0119\u015bci samochodowe tj. zderzaki, nadkola, tapicerka, b\u0142otniki, reflektory itp.,<\/p>\n<p style=\"padding-left: 30px;\" align=\"justify\">e) Styropian budowlany,<\/p>\n<p style=\"padding-left: 30px;\" align=\"justify\">f) Odpady nieoznaczone, bez mo\u017cliwo\u015bci wiarygodnej identyfikacji (brak etykiet),<\/p>\n<p style=\"padding-left: 30px;\" align=\"justify\">g) Odpady w opakowaniach ciekn\u0105cych,<\/p>\n<p style=\"padding-left: 30px;\" align=\"justify\">h) Opakowania po \u015brodkach ochrony ro\u015blin wielko\u015bci\u0105 wskazuj\u0105c\u0105 na u\u017cycie w gospodarstwie rolnym,<\/p>\n<p style=\"padding-left: 30px;\" align=\"justify\">i) Foli\u0119 rolnicz\u0105, agrow\u0142\u00f3knin\u0119 rolnicz\u0105,<\/p>\n<p style=\"padding-left: 30px;\" align=\"justify\">j) Opony z ci\u0105gnik\u00f3w rolniczych, maszyn rolniczych, samochod\u00f3w ci\u0119\u017carowych, naczep, przyczep.<\/p>\n<p align=\"justify\">16. Odpady mog\u0105 by\u0107 dostarczane pojazdami o dopuszczalnej masie ca\u0142kowitej nie przekraczaj\u0105cej 3,5 tony,<\/p>\n<p align=\"justify\">17. Na terenie PSZOK:<\/p>\n<p style=\"padding-left: 30px;\" align=\"justify\">a) Zabrania si\u0119 przebywania os\u00f3b niepe\u0142noletnich,<\/p>\n<p style=\"padding-left: 30px;\" align=\"justify\">b) Osoby przebywaj\u0105ce zobowi\u0105zane s\u0105 do podporz\u0105dkowania si\u0119 zaleceniom obs\u0142ugi, w szczeg\u00f3lno\u015bci w zakresie miejsca oraz sposobu zdeponowania dostarczonych odpad\u00f3w oraz sposobu poruszania si\u0119 po terenie,<\/p>\n<p style=\"padding-left: 30px;\" align=\"justify\">c) Zachowania wymog\u00f3w przepis\u00f3w BHP i p.po\u017c., nie u\u017cywania otwartego ognia, nie palenia papieros\u00f3w,<\/p>\n<p align=\"justify\">18. Korzystanie z us\u0142ug oferowanych przez PSZOK jest r\u00f3wnoznaczne z akceptacj\u0105 Regulaminu<\/p>\n<p align=\"justify\">19. Regulamin wchodzi w \u017cycie dnia 01.03.2016r.<\/p>\n<p align=\"justify\">20. Regulamin nie dotyczy os\u00f3b prawnych tj. przedsi\u0119biorc\u00f3w, prowadz\u0105cych dzia\u0142alno\u015b\u0107 gospodarcz\u0105 lub wykonuj\u0105cych odp\u0142atnie us\u0142ugi.<\/p>\n","protected":false},"excerpt":{"rendered":"<p>REGULAMIN PUNKTU SELEKTYWNEGO ZBIERANIA ODPAD\u00d3W KOMUNALNYCH W G\u0141UBCZYCACH Wersja PDF do druku<\/p>\n","protected":false},"author":1,"featured_media":214,"parent":61,"menu_order":0,"comment_status":"closed","ping_status":"closed","template":"","meta":{"jetpack_post_was_ever_published":false,"footnotes":""},"jetpack_sharing_enabled":true,"jetpack_shortlink":"https:\/\/wp.me\/P7wYTQ-1C","_links":{"self":[{"href":"https:\/\/ukglubczyce.pl\/index.php?rest_route=\/wp\/v2\/pages\/100"}],"collection":[{"href":"https:\/\/ukglubczyce.pl\/index.php?rest_route=\/wp\/v2\/pages"}],"about":[{"href":"https:\/\/ukglubczyce.pl\/index.php?rest_route=\/wp\/v2\/types\/page"}],"author":[{"embeddable":true,"href":"https:\/\/ukglubczyce.pl\/index.php?rest_route=\/wp\/v2\/users\/1"}],"replies":[{"embeddable":true,"href":"https:\/\/ukglubczyce.pl\/index.php?rest_route=%2Fwp%2Fv2%2Fcomments&post=100"}],"version-history":[{"count":9,"href":"https:\/\/ukglubczyce.pl\/index.php?rest_route=\/wp\/v2\/pages\/100\/revisions"}],"predecessor-version":[{"id":351,"href":"https:\/\/ukglubczyce.pl\/index.php?rest_route=\/wp\/v2\/pages\/100\/revisions\/351"}],"up":[{"embeddable":true,"href":"https:\/\/ukglubczyce.pl\/index.php?rest_route=\/wp\/v2\/pages\/61"}],"wp:featuredmedia":[{"embeddable":true,"href":"https:\/\/ukglubczyce.pl\/index.php?rest_route=\/wp\/v2\/media\/214"}],"wp:attachment":[{"href":"https:\/\/ukglubczyce.pl\/index.php?rest_route=%2Fwp%2Fv2%2Fmedia&parent=100"}],"curies":[{"name":"wp","href":"https:\/\/api.w.org\/{rel}","templated":true}]}}