{"id":63,"date":"2016-06-30T22:21:15","date_gmt":"2016-06-30T22:21:15","guid":{"rendered":"http:\/\/ukglubczyce.pl\/?page_id=63"},"modified":"2016-12-28T19:21:29","modified_gmt":"2016-12-28T19:21:29","slug":"zielen-miejska","status":"publish","type":"page","link":"https:\/\/ukglubczyce.pl\/?page_id=63","title":{"rendered":"Ziele\u0144 miejska"},"content":{"rendered":"<h3>Urz\u0105dzanie i utrzymanie zieleni miejskiej<\/h3>\n<p><!--more--><\/p>\n<hr \/>\n<h4>Sp\u00f3\u0142ka zajmuje si\u0119 zak\u0142adaniem i kompleksowym utrzymaniem teren\u00f3w zieleni miejskiej.<\/h4>\n<p>Przez\u00a0utrzymanie teren\u00f3w zieleni rozumiemy:\u00a0nasadzenia sezonowe i wieloletnie; zak\u0142adanie, renowacja, nawo\u017cenie i \u00a0aeracja trawnik\u00f3w; formowanie, odm\u0142adzanie i uzupe\u0142nianie \u017cywop\u0142ot\u00f3w; ca\u0142oroczna piel\u0119gnacja drzew i krzew\u00f3w, wycinka drzew zieleni miejskiej i przyulicznej.<\/p>\n<p>Utrzymujemy r\u00f3wnie\u017c bie\u017c\u0105c\u0105 czysto\u015b\u0107 i porz\u0105dek w parkach i na terenach zieleni miejskiej.<\/p>\n","protected":false},"excerpt":{"rendered":"<p>Urz\u0105dzanie i utrzymanie zieleni miejskiej<\/p>\n","protected":false},"author":1,"featured_media":357,"parent":0,"menu_order":0,"comment_status":"closed","ping_status":"closed","template":"","meta":{"jetpack_post_was_ever_published":false,"footnotes":""},"jetpack_sharing_enabled":true,"jetpack_shortlink":"https:\/\/wp.me\/P7wYTQ-11","_links":{"self":[{"href":"https:\/\/ukglubczyce.pl\/index.php?rest_route=\/wp\/v2\/pages\/63"}],"collection":[{"href":"https:\/\/ukglubczyce.pl\/index.php?rest_route=\/wp\/v2\/pages"}],"about":[{"href":"https:\/\/ukglubczyce.pl\/index.php?rest_route=\/wp\/v2\/types\/page"}],"author":[{"embeddable":true,"href":"https:\/\/ukglubczyce.pl\/index.php?rest_route=\/wp\/v2\/users\/1"}],"replies":[{"embeddable":true,"href":"https:\/\/ukglubczyce.pl\/index.php?rest_route=%2Fwp%2Fv2%2Fcomments&post=63"}],"version-history":[{"count":5,"href":"https:\/\/ukglubczyce.pl\/index.php?rest_route=\/wp\/v2\/pages\/63\/revisions"}],"predecessor-version":[{"id":252,"href":"https:\/\/ukglubczyce.pl\/index.php?rest_route=\/wp\/v2\/pages\/63\/revisions\/252"}],"wp:featuredmedia":[{"embeddable":true,"href":"https:\/\/ukglubczyce.pl\/index.php?rest_route=\/wp\/v2\/media\/357"}],"wp:attachment":[{"href":"https:\/\/ukglubczyce.pl\/index.php?rest_route=%2Fwp%2Fv2%2Fmedia&parent=63"}],"curies":[{"name":"wp","href":"https:\/\/api.w.org\/{rel}","templated":true}]}}